, 3
Suppose 3*p = -4*h + 3, -12 - 6 = -3*p + h. List the prime factors of ((-32)/(-3))/(p*(-7)/(-315)).
2, 3
Suppose 2*m = 4*m - 598. What are the prime factors of m?
13, 23
Let z(u) = 47*u + 10. Let d be z(-1). Suppose 144 = -2*i - 0*i. Let j = d - i. What are the prime factors of j?
5, 7
Let a(g) = -3*g - 8. Let t(d) = -2*d**2 - d**3 + 6*d**2 - 11*d**2 - 5*d - 2. Let p be t(-6). What are the prime factors of a(p)?
2
Let m = -130 - -83. Let q = 177 + m. What are the prime factors of q?
2, 5, 13
Let x(w) = -2*w**3 - 9*w**2 + 23*w - 1. Let q = 96 - 104. List the prime factors of x(q).
263
Let k(n) = 13*n**2 + 23*n + 9. List the prime factors of k(-5).
3, 73
What are the prime factors of 268 - 3 - (-5 + 8)?
2, 131
What are the prime factors of (21/14)/(6/1756)?
439
Suppose -5*i - 34 = -5*z - 9, 0 = -3*i - 3*z - 9. Let n(y) = -4*y - 10. Let q be n(i). Let d(g) = 3*g. List the prime factors of d(q).
2, 3
Let n be 49 + -5 + -2*1. Let h(o) = -o**2 - 4*o + 2. Let j be h(-4). Suppose -k = -j*k + n. List the prime factors of k.
2, 3, 7
Let p be ((-4)/15*-3)/(2/40). What are the prime factors of (p/(-4) - -10)*16?
2, 3
Let g(z) = -125*z**3 + 9*z**2 + 8*z + 7. What are the prime factors of g(-2)?
13, 79
Let n(a) = 97*a**2 + 16*a + 39. List the prime factors of n(-3).
2, 3
Let p(d) = -d**3 + 23*d**2 + 39*d + 37. List the prime factors of p(24).
397
Suppose -1 = 6*x + 23. Let b be x/(-4) + 7 + -5. What are the prime factors of b*((3 - 1) + -1)?
3
Suppose 0 = -5*u - 4*x - 5, -4*x = -5*u - 2*x + 25. List the prime factors of (13/u + 0)*18.
2, 3, 13
Suppose -3*v - 2512 = -3*f + 4481, 2327 = f + 3*v. List the prime factors of f.
2, 5, 233
Let i be -1073*(-2)/10 - (-2)/5. Suppose i = 4*j - 229. List the prime factors of j.
3, 37
Let h be (4/16)/((-4)/(-48)). Suppose 15 = h*g, -3*m + g = 2*m - 35. List the prime factors of m.
2
Suppose -8*r + 970 = -6*r. What are the prime factors of r?
5, 97
Let p be ((-18)/12)/(9/48). List the prime factors of 1815/120 - (-1)/p.
3, 5
Suppose 0 = -0*u + 5*u - 25, 250 = 5*d + 2*u. Let j = 33 + d. List the prime factors of j.
3
Let f = 548 + -161. What are the prime factors of f?
3, 43
Let z = 2402 - 1437. What are the prime factors of z?
5, 193
Let f(z) = -4*z - 13. Let p be f(-7). Suppose 1767 + 558 = p*n. List the prime factors of n.
5, 31
Let r be (6 - 0) + 1*2/(-2). Suppose 2*o + 0*o - 116 = r*z, -5*z = 4*o - 232. What are the prime factors of o?
2, 29
Let v be ((-1)/2)/(12/(-1608)). Suppose -h - 21 = -o, -3*h + v = 3*o - 5*h. What are the prime factors of o?
5
Let c(y) = 3*y - 3. Suppose -7 = d - 21. Let r be c(d). Suppose 8 = b + 3*q - r, -b + 63 = -5*q. List the prime factors of b.
53
Let c = 15 + -11. Suppose 4*y - 4 = 0, -54 = -c*v + 3*y + 87. What are the prime factors of v?
2, 3
What are the prime factors of 1*35/25*2435?
7, 487
Let o = -41 + 43. List the prime factors of ((-6734)/13)/(-2*2 + o).
7, 37
Suppose -3*u - v + 1562 = 0, 0 = -u - 4*v - 7 + 546. What are the prime factors of u?
3, 173
Suppose 2305 = x + g, 4*x + 3*g - 3581 = 5640. What are the prime factors of x?
2, 1153
Let l(v) = -v**3 - 7*v**2 - 12*v - 2. Let g be l(-4). Let t = g + 299. List the prime factors of t.
3, 11
Let z be 20*-3*4/30. Let s(t) = 2*t**2 + 9*t + 6. What are the prime factors of s(z)?
2, 31
Suppose -4*o = -3*z - 25, 2*o - 1 = -z + o. List the prime factors of ((-12)/54*z)/(2/501).
167
Let b = -217 + 310. Let v = b + 32. List the prime factors of v.
5
Let d(n) = n**2 + n + 2. Let f be d(2). Let g(m) = -m**2 + 12*m - 16. What are the prime factors of g(f)?
2
Let v(u) = u**3 - 4*u**2 - 11*u + 6. Let k = -6 - -13. What are the prime factors of v(k)?
2, 19
Suppose 2 - 66 = -2*k. Let o = -10 + k. List the prime factors of o.
2, 11
Let g(b) = -b**2 - 40*b + 56. What are the prime factors of g(-19)?
5, 7, 13
Let a = 3 - -2. Suppose a*g + i = g - 20, 0 = g - 2*i - 4. What are the prime factors of g/(-12)*(2 - -43)?
3, 5
List the prime factors of (-8)/10*2840/(-16) - 3.
139
Let t be 10*(2/3)/(14/21). List the prime factors of ((-141)/(-9))/(t/30).
47
Suppose 4*m + 2*d = 20, 2*m - 4*m + d = -6. Let a be 9/1 - (-8 + m). Suppose -a*h + 15*h = 80. What are the prime factors of h?
2, 5
Let v be (-4)/24 + 482/12. Let d = 125 - v. List the prime factors of d.
5, 17
Suppose -576 = -7*l - 2*l. Suppose j = c + l, j - 308 = -4*j + c. List the prime factors of j.
61
Let o = 65 - 59. Suppose -o*q - 3*q + 918 = 0. List the prime factors of q.
2, 3, 17
Let y(q) be the third derivative of -q**6/120 - 4*q**5/15 - 2*q**4/3 + 3*q**3/2 + 2*q**2. List the prime factors of y(-15).
2, 3
Let i be 6 + (0 - 1) + -1. Suppose -i*t = -4*j + 416, -t - 1 + 3 = 0. List the prime factors of j.
2, 53
Let x(v) = v**3 + 9*v**2 - 6*v + 7. Let h be x(-8). Let m be (-4)/14 - (-1105)/h. Suppose 6*i + 102 = m*i. What are the prime factors of i?
2, 17
Let b = -24 + 68. What are the prime factors of b?
2, 11
Let t = 366 + -162. Let c = -116 + t. What are the prime factors of c?
2, 11
Suppose -35 = -5*a + 15. Suppose -3*g - a = 2*g. What are the prime factors of g/(4 - (-696)/(-172))?
43
Let t = 7 + -7. List the prime factors of -1 + t - (-1 + -32).
2
Suppose -12 = -3*v + 2*m, 0*v + 2*m = -v + 12. Suppose v*k - 597 = 147. What are the prime factors of k?
2, 31
Let o(g) = -g**2 - 7*g - 5. Let f be o(-2). Suppose -f*m = -514 - 36. What are the prime factors of m?
2, 5, 11
Suppose -3*n - 1 = 2*g - 12, 3*n + 9 = 3*g. Suppose -g*b + 131 + 61 = 0. Let m = b - 32. What are the prime factors of m?
2
Let v = 984 + 15. List the prime factors of v.
3, 37
Let c = 431 - 214. Suppose -77 = -3*l + c. What are the prime factors of l?
2, 7
Suppose -274 = -f + 2*n, -4*f + 2*n + 1096 = 6*n. Suppose 3*v = -2*v + d + 410, 3*v + 5*d = f. What are the prime factors of v?
83
Let a(m) = -9*m + 1. Let x be a(1). Let j be (-3)/2*x/6. Suppose -35 + 1 = -j*c. List the prime factors of c.
17
Let g(d) = -d - 10. Let x be g(-13). Let j = 0 + x. Suppose j*h - 134 = -2. List the prime factors of h.
2, 11
Let h be 30/(-4 - (-24)/4). Suppose -15 - h = -3*k. List the prime factors of k.
2, 5
Let w = -144 - -324. Let b = 405 - w. List the prime factors of b.
3, 5
Let v = 624 + 1916. What are the prime factors of v?
2, 5, 127
Suppose 83 = 4*c + 23. Suppose 3*g = 4*q - q + 21, g = 3*q + c. Suppose -67 = -f - g. List the prime factors of f.
2
Let l(d) = 1092*d**3 + 1. List the prime factors of l(1).
1093
Let n(j) = -3*j**3 + 6*j**2 - 2*j - 3. Let z(b) = 9*b**3 - 17*b**2 + 5*b + 9. Let t(r) = 11*n(r) + 4*z(r). What are the prime factors of t(2)?
3, 5
Suppose 4*z - 204 = 5*a + 37, a - 4*z + 61 = 0. Let j = 3 + -34. Let f = j - a. List the prime factors of f.
2, 7
Suppose -8*y + 6*y + 4*z = -1766, 4*y + z - 3496 = 0. What are the prime factors of y?
5, 7
What are the prime factors of 3117/15 + (-1)/(-15)*3?
2, 13
Let g(i) = -8*i - 1. Let u be g(-1). Suppose u + 0 = a. What are the prime factors of a?
7
Let t(w) = 172*w - 474. What are the prime factors of t(12)?
2, 3, 5, 53
Let s(y) = 2*y**2 - 3*y + 6. Let a(c) = -c**3 + 2*c**2 + 4*c + 1. Suppose 4*h - h = 9. Let r be a(h). What are the prime factors of s(r)?
2, 13
Let j be 5/((-15)/(-2))*-21. Let y = j + 6. List the prime factors of (-2)/y + 612/48.
13
Suppose 2*p + 14020 = 7*p + 5*m, 4*p - 11231 = m. What are the prime factors of p?
7, 401
Suppose -2*f = 2*q - 1768, 3*f - q + 3*q = 2651. List the prime factors of f.
883
Let j(x) = x**3 - 10*x**2 + 11. Let f be j(10). Let y(o) = -2*o + 22. Let k be y(f). What are the prime factors of 19/2*(6 + k)?
3, 19
Suppose 2*o - 2*j - 2 + 0 = 0, -7 = 5*o - j. Let c = 3 - 14. List the prime factors of (-6)/12 + c/o.
5
Suppose 125*n = 138*n - 19643. List the prime factors of n.
1511
Suppose 76*q = 568987 - 222655. What are the prime factors of q?
3, 7, 31
Suppose -5*h + 2*h = 2*g + 10, -2*h - 20 = 4*g. Suppose h = -4*d + 318 + 590. List the prime factors of d.
227
Let f be (-1 - -2)/((-1)/2). Let d be 40/16 + f/(-4). Suppose 4*i + 6*z - 60 = 4*z, 45 = d*i + 4*z. What are the prime factors of i?
3, 5
Suppose -44*x - 165 = -55*x. What are the prime factors of x?
3, 5
Suppose -2*m - 113 = -715. Let v = -160 + m. What are the prime factors of v?
3, 47
Suppose 0 = -8*x + 6*x + 1000. What are the prime factors of x?
2, 5
Suppose p = -3*w + 3*p 